{"id":343,"date":"2022-12-13T12:03:27","date_gmt":"2022-12-13T11:03:27","guid":{"rendered":"http:\/\/wimed.info\/beta3\/?page_id=343"},"modified":"2022-12-13T12:05:21","modified_gmt":"2022-12-13T11:05:21","slug":"turnusy-rehabilitacyjne","status":"publish","type":"page","link":"http:\/\/wimed.info\/beta3\/turnusy-rehabilitacyjne\/","title":{"rendered":"Turnusy rehabilitacyjne"},"content":{"rendered":"\n<p><\/p>\n\n\n\n<p>Organizujemy turnusy stacjonarne i niestacjonarne na zasadzie codziennych dojazd\u00f3w. Turnus trwa 14 dni, rozpoczyna si\u0119 w niedziel\u0119 a ko\u0144czy w sobot\u0119. Na turnus prosimy o zabranie ze sob\u0105 dokumentacji medycznej i aktualnych zdj\u0119\u0107 rentgenowskich.<\/p>\n\n\n\n<p>Zapraszamy na turnusy rehabilitacyjne dofinansowane z PCPR<br>Posiadam wpis do rejestru o\u015brodk\u00f3w i do rejestru organizator\u00f3w turnus\u00f3w rehabilitacyjnych:<br>rejestr o\u015brodk\u00f3w nr: OD\/04\/1\/19 wa\u017cny do 11.04.2022r.<br>rejestr organizator\u00f3w turnus\u00f3w rehabilitacyjnych: OR\/04\/11\/19 wa\u017cny do 10.05.2022r.<\/p>\n\n\n\n<p>Zakres \u015bwiadcze\u0144:<\/p>\n\n\n\n<ul class=\"wp-block-list\">\n<li>Fizjoterapia<\/li>\n\n\n\n<li>\u015bwiadczenia neurologopedy<\/li>\n\n\n\n<li>sala integracji sensorycznej<\/li>\n\n\n\n<li>dogoterapia<\/li>\n\n\n\n<li>hipoterapia<\/li>\n\n\n\n<li>alpakoterapia<\/li>\n\n\n\n<li>pedagog<\/li>\n\n\n\n<li>sala do\u015bwiadczania \u015bwiata<\/li>\n\n\n\n<li>C-eye II &#8211; cyber oko<\/li>\n\n\n\n<li>System QOMO<\/li>\n\n\n\n<li>i wiele innych<\/li>\n<\/ul>\n","protected":false},"excerpt":{"rendered":"<p>Organizujemy turnusy stacjonarne i niestacjonarne na zasadzie codziennych dojazd\u00f3w. Turnus trwa 14 dni, rozpoczyna si\u0119 w niedziel\u0119 a ko\u0144czy w sobot\u0119. Na turnus prosimy o zabranie ze sob\u0105 dokumentacji medycznej i aktualnych zdj\u0119\u0107 rentgenowskich. Zapraszamy na turnusy rehabilitacyjne dofinansowane z PCPRPosiadam wpis do rejestru o\u015brodk\u00f3w i do rejestru organizator\u00f3w turnus\u00f3w rehabilitacyjnych:rejestr o\u015brodk\u00f3w nr: OD\/04\/1\/19 wa\u017cny &hellip; <\/p>\n","protected":false},"author":1,"featured_media":0,"parent":0,"menu_order":0,"comment_status":"closed","ping_status":"closed","template":"","meta":{"footnotes":""},"class_list":["post-343","page","type-page","status-publish","hentry"],"_links":{"self":[{"href":"http:\/\/wimed.info\/beta3\/wp-json\/wp\/v2\/pages\/343","targetHints":{"allow":["GET"]}}],"collection":[{"href":"http:\/\/wimed.info\/beta3\/wp-json\/wp\/v2\/pages"}],"about":[{"href":"http:\/\/wimed.info\/beta3\/wp-json\/wp\/v2\/types\/page"}],"author":[{"embeddable":true,"href":"http:\/\/wimed.info\/beta3\/wp-json\/wp\/v2\/users\/1"}],"replies":[{"embeddable":true,"href":"http:\/\/wimed.info\/beta3\/wp-json\/wp\/v2\/comments?post=343"}],"version-history":[{"count":2,"href":"http:\/\/wimed.info\/beta3\/wp-json\/wp\/v2\/pages\/343\/revisions"}],"predecessor-version":[{"id":347,"href":"http:\/\/wimed.info\/beta3\/wp-json\/wp\/v2\/pages\/343\/revisions\/347"}],"wp:attachment":[{"href":"http:\/\/wimed.info\/beta3\/wp-json\/wp\/v2\/media?parent=343"}],"curies":[{"name":"wp","href":"https:\/\/api.w.org\/{rel}","templated":true}]}}